7026 a multiple of 2202?
False
Is 50 a factor of 8304850?
True
Is 96135100 a multiple of 43?
True
Does 344 divide 1641533944?
True
Is 17 a factor of 567456?
False
Is 1945733568 a multiple of 786?
True
Is 97 a factor of 161201002?
True
Is 4 a factor of 354218756?
True
Is 6 a factor of 36856692?
True
Does 2556 divide 313670327?
False
Is 25270899 a multiple of 497?
False
Is 81673164 a multiple of 174?
True
Is 9807351 a multiple of 406?
False
Does 45 divide 399227463?
False
Does 12 divide 1413069601?
False
Is 83061957 a multiple of 16?
False
Is 4710116 a multiple of 68?
False
Is 1766752 a multiple of 7?
False
Does 2996 divide 91751521?
False
Is 23 a factor of 17247827?
False
Does 38 divide 4047456?
True
Is 1358695652 a multiple of 154?
False
Is 348647820 a multiple of 10?
True
Does 80 divide 55508640?
True
Is 69162537 a multiple of 120?
False
Does 31 divide 17649819?
True
Does 9 divide 1323826742?
False
Does 36 divide 42951204?
True
Is 7218983 a multiple of 445?
False
Is 7820345 a multiple of 612?
False
Is 74743220 a multiple of 20?
True
Is 17 a factor of 7023919?
False
Does 282 divide 46902561?
False
Does 909 divide 223593541?
False
Is 94 a factor of 22553326?
True
Does 1195 divide 26088477?
False
Does 16 divide 1583829600?
True
Is 26984550 a multiple of 75?
True
Is 190858218 a multiple of 229?
True
Is 319 a factor of 217708568?
True
Is 803 a factor of 124319367?
False
Is 183 a factor of 42534080?
False
Does 18 divide 505219912?
False
Does 209 divide 43860521?
False
Is 6329250 a multiple of 291?
True
Is 925 a factor of 15189425?
True
Is 42309783 a multiple of 218?
False
Does 18 divide 54768060?
True
Is 4516 a factor of 350703528?
True
Is 312418676 a multiple of 53?
True
Does 312 divide 88135320?
True
Is 64280952 a multiple of 13?
False
Is 83177720 a multiple of 376?
False
Is 12231407 a multiple of 2?
False
Is 59 a factor of 78191721?
False
Is 209334990 a multiple of 231?
False
Is 40 a factor of 7121760?
True
Is 49 a factor of 147318573?
False
Is 3 a factor of 82292775?
True
Is 49 a factor of 201004027?
True
Is 23286510 a multiple of 390?
True
Is 138 a factor of 4020025569?
False
Is 144572587 a multiple of 85?
False
Is 26232967 a multiple of 103?
True
Is 44 a factor of 447193039?
False
Is 53306358 a multiple of 711?
False
Is 318782307 a multiple of 67?
False
Does 16 divide 282382000?
True
Is 20074280 a multiple of 136?
True
Is 32949280 a multiple of 620?
True
Does 182 divide 206222198?
True
Is 11078499 a multiple of 10?
False
Is 39939204 a multiple of 142?
True
Does 15 divide 530628555?
True
Does 171 divide 69231647?
False
Does 1550 divide 26390171?
False
Is 116 a factor of 181382936?
True
Is 1096 a factor of 1612436354?
False
Is 48 a factor of 59113632?
True
Is 206450898 a multiple of 1702?
True
Is 28221225 a multiple of 5?
True
Does 18 divide 1220914910?
False
Does 170 divide 1049375830?
True
Is 12044800 a multiple of 941?
True
Is 90040890 a multiple of 386?
False
Does 1323 divide 575915130?
True
Does 74 divide 250924306?
True
Is 873087960 a multiple of 40?
True
Does 544 divide 1609198868?
False
Is 3625545 a multiple of 15?
True
Is 816418589 a multiple of 1141?
True
Is 2697 a factor of 30411348?
False
Is 244 a factor of 52326044?
True
Is 109479384 a multiple of 61?
True
Does 11 divide 13828288?
False
Is 23006400 a multiple of 3?
True
Is 50 a factor of 49055600?
True
Is 8 a factor of 55219104?
True
Is 10 a factor of 250642450?
True
Does 7 divide 132090504?
True
Is 100 a factor of 631244082?
False
Is 2143440 a multiple of 20?
True
Does 9355 divide 3451955851?
False
Does 53 divide 80235428?
True
Is 760 a factor of 1283082716?
False
Is 29 a factor of 553929?
True
Does 88 divide 288609024?
True
Does 1060 divide 155933420?
True
Does 22 divide 40366348?
True
Does 158 divide 3143568?
True
Is 1463 a factor of 241370129?
True
Does 17 divide 2230621?
True
Is 790569442 a multiple of 250?
False
Is 18 a factor of 6438528?
True
Does 113 divide 483967135?
True
Is 33 a factor of 61617516?
False
Is 24 a factor of 86614496?
False
Is 388907400 a multiple of 899?
True
Is 3690751 a multiple of 145?
False
Is 612300032 a multiple of 128?
True
Does 10 divide 216609643?
False
Is 2446 a factor of 470900967?
False
Does 23 divide 1871750534?
True
Is 22266156 a multiple of 37?
True
Is 14 a factor of 29326321?
False
Is 4440 a factor of 2308766325?
False
Is 170 a factor of 51393587?
False
Is 530342208 a multiple of 576?
True
Does 78 divide 122056584?
True
Does 168 divide 7512960?
True
Is 20 a factor of 219116519?
False
Is 36891694 a multiple of 24?
False
Does 53 divide 38454489?
False
Does 270 divide 98281221?
False
Is 216 a factor of 83703456?
True
Does 355 divide 1164560817?
False
Is 1228 a factor of 262415928?
False
Is 13 a factor of 960464206?
True
Does 169 divide 604699069?
True
Is 1331 a factor of 5059131?
True
Is 136 a factor of 38853991?
False
Is 8 a factor of 168873128?
True
Is 1651 a factor of 995562906?
True
Is 18514492 a multiple of 397?
True
Does 315 divide 169917916?
False
Is 619 a factor of 1243187444?
False
Does 6921 divide 4193053245?
True
Is 969727932 a multiple of 34?
False
Is 240909816 a multiple of 57?
True
Does 238 divide 259701335?
False
Is 18461763 a multiple of 2853?
True
Does 23 divide 116455835?
False
Does 22 divide 963980?
False
Does 14 divide 6021358?
True
Is 32055235 a multiple of 1355?
True
Is 59 a factor of 466276242?
False
Is 19 a factor of 722829901?
True
Is 7910867 a multiple of 379?
True
Is 286 a factor of 2913348063?
False
Is 36605132 a multiple of 4?
True
Is 1406087529 a multiple of 80?
False
Is 12496115 a multiple of 2522?
False
Does 164 divide 1448267272?
True
Does 3668 divide 14184156?
True
Is 54967647 a multiple of 1659?
True
Does 99 divide 298876?
False
Does 2 divide 43359900?
True
Does 58 divide 116079228?
True
Does 18 divide 17719289?
False
Is 318 a factor of 18741330?
True
Is 285 a factor of 1128478020?
True
Is 5 a factor of 86901675?
True
Does 3 divide 40097259?
True
Does 7 divide 62995660?
True
Does 35 divide 263237581?
False
Is 26 a factor of 127632908?
True
Does 176 divide 635322336?
True
Is 2504 a factor of 1454533536?
True
Is 542530355 a multiple of 43?
True
Does 20 divide 556943720?
True
Is 4 a factor of 39507174?
False
Is 94 a factor of 18324962?
False
Is 4738198509 a multiple of 29?
False
Is 22 a factor of 115222878?
False
Is 18 a factor of 2891084696?
False
Is 310631160 a multiple of 40?
True
Is 802074 a multiple of 1183?
True
Does 3 divide 1243847?
False
Does 1905 divide 83993355?
True
Is 3 a factor of 6115026?
True
Does 23 divide 6705420?
True
Is 59 a factor of 821365019?
True
Is 205 a factor of 198946157?
False
Is 1098 a factor of 23605078?
False
Is 392403621 a multiple of 537?
True
Is 31133718 a multiple of 7?
True
Is 3817366 a multiple of 889?
True
Is 38461895 a multiple of 15?
False
Does 273 divide 47178222?
True
Does 8 divide 383406686?
False
Does 38 divide 1117602838?
True
Is 1482167349 a multiple of 1521?
True
Is 110 a factor of 764438510?
True
Is 580 a factor of 75886620?
True
Is 23274994 a multiple of 139?
True
Is 238102773 a multiple of 2?
False
Does 199 divide 64126024?
False
Does 19 divide 508226463?
False
Is 101 a factor of 95577714?
True
Does 37 divide 3288576502?
True
Is 233 a factor of 1613292?
True
Is 27804316 a multiple of 2516?
True
Does 585 divide 671681005?
False
Is 9 a factor of 6039392864?
False
Is 411 a factor of 163746528?
False
Does 30 divide 53848208?
False
Is 190313124 a multiple of 223?
False
Does 1629 divide 222345468?
True
Does 1118 divide 366307191?
False
Does 47 divide 28267938?
False
Does 47 divide 5349916?
True
Is 2592 a factor of 2162630016?
True
Does 678 divide 22822713?
False
Does 11 divide 33144078?
True
Does 3028 divide 146455276?
True
Does 39 divide 614202732?
True
Is 19 a factor of 461753867?
False
Is 197 a factor of 63724447?
False
Does 205 divide 576180995?
True
Is 107208582 a multiple of 197?
True
Is 6 a factor of 49385094?
True
Does 85 divide 1794010?
True
Is 25 a factor of 50845050?
True
Does 967 divide 211428748?
True
Does 4 divide 986237497?
False
Is 801713779 a multiple of 87?
False
Is 21 a factor of 126431562?
False
Is 11150172 a multiple of 132?
True
Is 311 a factor of 56800107?
True
Is 235 a factor of 1033635064?
False
Is 223 a factor of 19325764?
False
Is 69 a f